{"id":16,"date":"2021-11-08T10:24:23","date_gmt":"2021-11-08T13:24:23","guid":{"rendered":"https:\/\/chalesprincesaisabel.com.br\/petropolis\/?page_id=16"},"modified":"2023-12-06T14:20:24","modified_gmt":"2023-12-06T17:20:24","slug":"conheca-petropolis","status":"publish","type":"page","link":"https:\/\/chalesprincesaisabel.com.br\/petropolis\/conheca-petropolis\/","title":{"rendered":"Conhe\u00e7a Petr\u00f3polis"},"content":{"rendered":"<div class=\"sec_content_main_title\" style=\"text-align:;\">O que fazer em Petr\u00f3polis?<\/div>\n<p>Com um dos melhores climas da Am\u00e9rica Latina e <strong>apenas 60km de dist\u00e2ncia do Rio de Janeiro<\/strong>, Petr\u00f3polis re\u00fane natureza exuberante e precioso acervo cultural e hist\u00f3rico do Brasil, desde sua descoberta!<\/p>\n<p>As belezas naturais que a cidade reserva a seus visitantes, j\u00e1 se iniciam no percurso de chegada \u00e0 cidade: bel\u00edssima serra de Petr\u00f3polis, que d\u00e1\u00a0 acesso \u00e0 cidade, corta a mata Atl\u00e2ntica e oferece vista deslumbrante para as montanhas, a famosa &#8220;Rio x Petr\u00f3polis&#8221;, uma das mais belas estradas que h\u00e1 no Rio de Janeiro.<\/p>\n<p>A chegada \u00e0 cidade tamb\u00e9m encanta qualquer visitante, isto porque j\u00e1 na entrada se encontra a famosa e centen\u00e1ria &#8220;Casa do Alem\u00e3o&#8221; seguida pelo pal\u00e1cio de tirar o f\u00f4lego, o atual &#8220;Hotel Sesc-Quitandinha&#8221;, com sua hist\u00f3ria cultural e\u00a0 toda a exuber\u00e2ncia arquitet\u00f4nica que inclui o bel\u00edssimo lago constru\u00eddo com primor e com o formato do mapa do Brasil.<br \/>\n&#8220;E das belezas de Petr\u00f3polis, ningu\u00e9m escapa&#8221;: a outra via de acesso \u00e0 cidade \u00e9 o bairro Bingen, onde o visitante j\u00e1 se depara com o primeiro (de muitos) polos de compras da cidade, todos imperd\u00edveis!<br \/>\nE as belezas e pontos tur\u00edsticos se sucedem no Centro Hist\u00f3rico e seu entorno, preenchendo todo o fim de semana, com beleza, cultura, hist\u00f3ria e a melhor gastronomia do Rio de Janeiro, que pode ser deliciada em nosso restaurante, o <a href=\"http:\/\/princesaisabelgourmet.com.br\/restaurante\/\" target=\"_blank\" rel=\"noopener\"><strong>Princesa Isabel Gourmet<\/strong><\/a>.<br \/>\nVisite Petr\u00f3polis, hospede-se nos Chal\u00e9s Princesa Isabel ou em nossas <a href=\"https:\/\/chalesprincesaisabel.com.br\/petropolis\/grupo-princesa-isabel\/\" target=\"_blank\" rel=\"noopener\">demais pousadas<\/a> e\u00a0 encante-se os pontos tur\u00edsticos\u00a0 e relaxe ao contato com a\u00a0 natureza exuberante das matas e das montanhas.<\/p>\n<p>Com os chal\u00e9s Princesa Isabel voc\u00ea desfruta o melhor de Petr\u00f3polis com toda a privacidade e conforto, reserve um de nossos tr\u00eas chal\u00e9s e curta Petr\u00f3polis com todo o requinte!<br \/>\n<strong>Esperamos desde j\u00e1 a sua visita\u00a0 &#8211; ou retorno&#8230; seja sempre muito bem vindo!<\/strong><\/p>\n<div class=\"sec_content_main_title\" style=\"text-align:;\">Pontos Tur\u00edsticos de Petr\u00f3polis<\/div>\n\n\t\t<style type=\"text\/css\">\n\t\t\t#gallery-1 {\n\t\t\t\tmargin: auto;\n\t\t\t}\n\t\t\t#gallery-1 .gallery-item {\n\t\t\t\tfloat: left;\n\t\t\t\tmargin-top: 10px;\n\t\t\t\ttext-align: center;\n\t\t\t\twidth: 33%;\n\t\t\t}\n\t\t\t#gallery-1 img {\n\t\t\t\tborder: 2px solid #cfcfcf;\n\t\t\t}\n\t\t\t#gallery-1 .gallery-caption {\n\t\t\t\tmargin-left: 0;\n\t\t\t}\n\t\t\t\/* see gallery_shortcode() in wp-includes\/media.php *\/\n\t\t<\/style>\n\t\t<div id='gallery-1' class='gallery galleryid-16 gallery-columns-3 gallery-size-thumbnail'><dl class='gallery-item'>\n\t\t\t<dt class='gallery-icon landscape'>\n\t\t\t\t<a href='https:\/\/chalesprincesaisabel.com.br\/petropolis\/wp-content\/uploads\/2021\/11\/quitandinha.jpg' rel=\"lightbox[gallery-0]\"><img loading=\"lazy\" decoding=\"async\" width=\"150\" height=\"150\" src=\"https:\/\/chalesprincesaisabel.com.br\/petropolis\/wp-content\/uploads\/2021\/11\/quitandinha-150x150.jpg\" class=\"attachment-thumbnail size-thumbnail\" alt=\"Sesc-Quitandinha\" aria-describedby=\"gallery-1-261\" \/><\/a>\n\t\t\t<\/dt>\n\t\t\t\t<dd class='wp-caption-text gallery-caption' id='gallery-1-261'>\n\t\t\t\tSesc-Quitandinha\n\t\t\t\t<\/dd><\/dl><dl class='gallery-item'>\n\t\t\t<dt class='gallery-icon landscape'>\n\t\t\t\t<a href='https:\/\/chalesprincesaisabel.com.br\/petropolis\/wp-content\/uploads\/2021\/11\/museu.jpg' rel=\"lightbox[gallery-0]\"><img loading=\"lazy\" decoding=\"async\" width=\"150\" height=\"150\" src=\"https:\/\/chalesprincesaisabel.com.br\/petropolis\/wp-content\/uploads\/2021\/11\/museu-150x150.jpg\" class=\"attachment-thumbnail size-thumbnail\" alt=\"Museu Imperial\" aria-describedby=\"gallery-1-256\" \/><\/a>\n\t\t\t<\/dt>\n\t\t\t\t<dd class='wp-caption-text gallery-caption' id='gallery-1-256'>\n\t\t\t\tMuseu Imperial\n\t\t\t\t<\/dd><\/dl><dl class='gallery-item'>\n\t\t\t<dt class='gallery-icon landscape'>\n\t\t\t\t<a href='https:\/\/chalesprincesaisabel.com.br\/petropolis\/wp-content\/uploads\/2021\/11\/palacio-de-cristal.jpg' rel=\"lightbox[gallery-0]\"><img loading=\"lazy\" decoding=\"async\" width=\"150\" height=\"150\" src=\"https:\/\/chalesprincesaisabel.com.br\/petropolis\/wp-content\/uploads\/2021\/11\/palacio-de-cristal-150x150.jpg\" class=\"attachment-thumbnail size-thumbnail\" alt=\"Pal\u00e1cio de Cristal\" aria-describedby=\"gallery-1-257\" \/><\/a>\n\t\t\t<\/dt>\n\t\t\t\t<dd class='wp-caption-text gallery-caption' id='gallery-1-257'>\n\t\t\t\tPal\u00e1cio de Cristal\n\t\t\t\t<\/dd><\/dl><br style=\"clear: both\" \/><dl class='gallery-item'>\n\t\t\t<dt class='gallery-icon landscape'>\n\t\t\t\t<a href='https:\/\/chalesprincesaisabel.com.br\/petropolis\/wp-content\/uploads\/2021\/11\/catedral.jpg' rel=\"lightbox[gallery-0]\"><img loading=\"lazy\" decoding=\"async\" width=\"150\" height=\"150\" src=\"https:\/\/chalesprincesaisabel.com.br\/petropolis\/wp-content\/uploads\/2021\/11\/catedral-150x150.jpg\" class=\"attachment-thumbnail size-thumbnail\" alt=\"Catedral S\u00e3o Pedro de Alc\u00e2ntara\" aria-describedby=\"gallery-1-252\" srcset=\"https:\/\/chalesprincesaisabel.com.br\/petropolis\/wp-content\/uploads\/2021\/11\/catedral-150x150.jpg 150w, https:\/\/chalesprincesaisabel.com.br\/petropolis\/wp-content\/uploads\/2021\/11\/catedral-300x300.jpg 300w, https:\/\/chalesprincesaisabel.com.br\/petropolis\/wp-content\/uploads\/2021\/11\/catedral.jpg 370w\" sizes=\"auto, (max-width: 150px) 100vw, 150px\" \/><\/a>\n\t\t\t<\/dt>\n\t\t\t\t<dd class='wp-caption-text gallery-caption' id='gallery-1-252'>\n\t\t\t\tCatedral\n\t\t\t\t<\/dd><\/dl><dl class='gallery-item'>\n\t\t\t<dt class='gallery-icon landscape'>\n\t\t\t\t<a href='https:\/\/chalesprincesaisabel.com.br\/petropolis\/wp-content\/uploads\/2021\/11\/palacio-rio-negro.jpg' rel=\"lightbox[gallery-0]\"><img loading=\"lazy\" decoding=\"async\" width=\"150\" height=\"150\" src=\"https:\/\/chalesprincesaisabel.com.br\/petropolis\/wp-content\/uploads\/2021\/11\/palacio-rio-negro-150x150.jpg\" class=\"attachment-thumbnail size-thumbnail\" alt=\"Pal\u00e1cio Rio Negro\" aria-describedby=\"gallery-1-258\" srcset=\"https:\/\/chalesprincesaisabel.com.br\/petropolis\/wp-content\/uploads\/2021\/11\/palacio-rio-negro-150x150.jpg 150w, https:\/\/chalesprincesaisabel.com.br\/petropolis\/wp-content\/uploads\/2021\/11\/palacio-rio-negro-300x300.jpg 300w, https:\/\/chalesprincesaisabel.com.br\/petropolis\/wp-content\/uploads\/2021\/11\/palacio-rio-negro.jpg 370w\" sizes=\"auto, (max-width: 150px) 100vw, 150px\" \/><\/a>\n\t\t\t<\/dt>\n\t\t\t\t<dd class='wp-caption-text gallery-caption' id='gallery-1-258'>\n\t\t\t\tPal\u00e1cio Rio Negro\n\t\t\t\t<\/dd><\/dl><dl class='gallery-item'>\n\t\t\t<dt class='gallery-icon landscape'>\n\t\t\t\t<a href='https:\/\/chalesprincesaisabel.com.br\/petropolis\/wp-content\/uploads\/2021\/11\/papacio-amarelo.jpg' rel=\"lightbox[gallery-0]\"><img loading=\"lazy\" decoding=\"async\" width=\"150\" height=\"150\" src=\"https:\/\/chalesprincesaisabel.com.br\/petropolis\/wp-content\/uploads\/2021\/11\/papacio-amarelo-150x150.jpg\" class=\"attachment-thumbnail size-thumbnail\" alt=\"Pal\u00e1cio Amarelo\" aria-describedby=\"gallery-1-259\" \/><\/a>\n\t\t\t<\/dt>\n\t\t\t\t<dd class='wp-caption-text gallery-caption' id='gallery-1-259'>\n\t\t\t\tPal\u00e1cio Amarelo\n\t\t\t\t<\/dd><\/dl><br style=\"clear: both\" \/><dl class='gallery-item'>\n\t\t\t<dt class='gallery-icon landscape'>\n\t\t\t\t<a href='https:\/\/chalesprincesaisabel.com.br\/petropolis\/wp-content\/uploads\/2021\/11\/casa-santos-dumont.jpg' rel=\"lightbox[gallery-0]\"><img loading=\"lazy\" decoding=\"async\" width=\"150\" height=\"150\" src=\"https:\/\/chalesprincesaisabel.com.br\/petropolis\/wp-content\/uploads\/2021\/11\/casa-santos-dumont-150x150.jpg\" class=\"attachment-thumbnail size-thumbnail\" alt=\"Casa de Santos Dumont\" aria-describedby=\"gallery-1-251\" \/><\/a>\n\t\t\t<\/dt>\n\t\t\t\t<dd class='wp-caption-text gallery-caption' id='gallery-1-251'>\n\t\t\t\tCasa de Santos Dumont\n\t\t\t\t<\/dd><\/dl><dl class='gallery-item'>\n\t\t\t<dt class='gallery-icon landscape'>\n\t\t\t\t<a href='https:\/\/chalesprincesaisabel.com.br\/petropolis\/wp-content\/uploads\/2021\/11\/casa-do-colono.jpg' rel=\"lightbox[gallery-0]\"><img loading=\"lazy\" decoding=\"async\" width=\"150\" height=\"150\" src=\"https:\/\/chalesprincesaisabel.com.br\/petropolis\/wp-content\/uploads\/2021\/11\/casa-do-colono-150x150.jpg\" class=\"attachment-thumbnail size-thumbnail\" alt=\"Museu do Colono Alem\u00e3o\" aria-describedby=\"gallery-1-250\" srcset=\"https:\/\/chalesprincesaisabel.com.br\/petropolis\/wp-content\/uploads\/2021\/11\/casa-do-colono-150x150.jpg 150w, https:\/\/chalesprincesaisabel.com.br\/petropolis\/wp-content\/uploads\/2021\/11\/casa-do-colono-300x300.jpg 300w, https:\/\/chalesprincesaisabel.com.br\/petropolis\/wp-content\/uploads\/2021\/11\/casa-do-colono.jpg 370w\" sizes=\"auto, (max-width: 150px) 100vw, 150px\" \/><\/a>\n\t\t\t<\/dt>\n\t\t\t\t<dd class='wp-caption-text gallery-caption' id='gallery-1-250'>\n\t\t\t\tMuseu do Colono Alem\u00e3o\n\t\t\t\t<\/dd><\/dl><dl class='gallery-item'>\n\t\t\t<dt class='gallery-icon landscape'>\n\t\t\t\t<a href='https:\/\/chalesprincesaisabel.com.br\/petropolis\/wp-content\/uploads\/2021\/11\/cervejaria-bohemia.jpg' rel=\"lightbox[gallery-0]\"><img loading=\"lazy\" decoding=\"async\" width=\"150\" height=\"150\" src=\"https:\/\/chalesprincesaisabel.com.br\/petropolis\/wp-content\/uploads\/2021\/11\/cervejaria-bohemia-150x150.jpg\" class=\"attachment-thumbnail size-thumbnail\" alt=\"Cervejaria Bohemia\" aria-describedby=\"gallery-1-254\" srcset=\"https:\/\/chalesprincesaisabel.com.br\/petropolis\/wp-content\/uploads\/2021\/11\/cervejaria-bohemia-150x150.jpg 150w, https:\/\/chalesprincesaisabel.com.br\/petropolis\/wp-content\/uploads\/2021\/11\/cervejaria-bohemia-300x300.jpg 300w, https:\/\/chalesprincesaisabel.com.br\/petropolis\/wp-content\/uploads\/2021\/11\/cervejaria-bohemia.jpg 370w\" sizes=\"auto, (max-width: 150px) 100vw, 150px\" \/><\/a>\n\t\t\t<\/dt>\n\t\t\t\t<dd class='wp-caption-text gallery-caption' id='gallery-1-254'>\n\t\t\t\tCervejaria Bohemia\n\t\t\t\t<\/dd><\/dl><br style=\"clear: both\" \/><dl class='gallery-item'>\n\t\t\t<dt class='gallery-icon landscape'>\n\t\t\t\t<a href='https:\/\/chalesprincesaisabel.com.br\/petropolis\/wp-content\/uploads\/2021\/11\/Casa_Ipiranga.jpg' rel=\"lightbox[gallery-0]\"><img loading=\"lazy\" decoding=\"async\" width=\"150\" height=\"150\" src=\"https:\/\/chalesprincesaisabel.com.br\/petropolis\/wp-content\/uploads\/2021\/11\/Casa_Ipiranga-150x150.jpg\" class=\"attachment-thumbnail size-thumbnail\" alt=\"Casa Ipiranga\" aria-describedby=\"gallery-1-249\" \/><\/a>\n\t\t\t<\/dt>\n\t\t\t\t<dd class='wp-caption-text gallery-caption' id='gallery-1-249'>\n\t\t\t\tCasa Ipiranga\n\t\t\t\t<\/dd><\/dl><dl class='gallery-item'>\n\t\t\t<dt class='gallery-icon landscape'>\n\t\t\t\t<a href='https:\/\/chalesprincesaisabel.com.br\/petropolis\/wp-content\/uploads\/2021\/11\/luterana.jpg' rel=\"lightbox[gallery-0]\"><img loading=\"lazy\" decoding=\"async\" width=\"150\" height=\"150\" src=\"https:\/\/chalesprincesaisabel.com.br\/petropolis\/wp-content\/uploads\/2021\/11\/luterana-150x150.jpg\" class=\"attachment-thumbnail size-thumbnail\" alt=\"Igreja Luterana\" aria-describedby=\"gallery-1-255\" srcset=\"https:\/\/chalesprincesaisabel.com.br\/petropolis\/wp-content\/uploads\/2021\/11\/luterana-150x150.jpg 150w, https:\/\/chalesprincesaisabel.com.br\/petropolis\/wp-content\/uploads\/2021\/11\/luterana-300x300.jpg 300w, https:\/\/chalesprincesaisabel.com.br\/petropolis\/wp-content\/uploads\/2021\/11\/luterana.jpg 370w\" sizes=\"auto, (max-width: 150px) 100vw, 150px\" \/><\/a>\n\t\t\t<\/dt>\n\t\t\t\t<dd class='wp-caption-text gallery-caption' id='gallery-1-255'>\n\t\t\t\tIgreja Luterana\n\t\t\t\t<\/dd><\/dl><dl class='gallery-item'>\n\t\t\t<dt class='gallery-icon landscape'>\n\t\t\t\t<a href='https:\/\/chalesprincesaisabel.com.br\/petropolis\/wp-content\/uploads\/2021\/11\/relogio_flores.jpg' rel=\"lightbox[gallery-0]\"><img loading=\"lazy\" decoding=\"async\" width=\"150\" height=\"150\" src=\"https:\/\/chalesprincesaisabel.com.br\/petropolis\/wp-content\/uploads\/2021\/11\/relogio_flores-150x150.jpg\" class=\"attachment-thumbnail size-thumbnail\" alt=\"Rel\u00f3gio das Flores\" aria-describedby=\"gallery-1-262\" \/><\/a>\n\t\t\t<\/dt>\n\t\t\t\t<dd class='wp-caption-text gallery-caption' id='gallery-1-262'>\n\t\t\t\tRel\u00f3gio das Flores\n\t\t\t\t<\/dd><\/dl><br style=\"clear: both\" \/><dl class='gallery-item'>\n\t\t\t<dt class='gallery-icon landscape'>\n\t\t\t\t<a href='https:\/\/chalesprincesaisabel.com.br\/petropolis\/wp-content\/uploads\/2021\/11\/centro-cultura.jpg' rel=\"lightbox[gallery-0]\"><img loading=\"lazy\" decoding=\"async\" width=\"150\" height=\"150\" src=\"https:\/\/chalesprincesaisabel.com.br\/petropolis\/wp-content\/uploads\/2021\/11\/centro-cultura-150x150.jpg\" class=\"attachment-thumbnail size-thumbnail\" alt=\"Centro de Cultura\" aria-describedby=\"gallery-1-253\" srcset=\"https:\/\/chalesprincesaisabel.com.br\/petropolis\/wp-content\/uploads\/2021\/11\/centro-cultura-150x150.jpg 150w, https:\/\/chalesprincesaisabel.com.br\/petropolis\/wp-content\/uploads\/2021\/11\/centro-cultura-300x300.jpg 300w, https:\/\/chalesprincesaisabel.com.br\/petropolis\/wp-content\/uploads\/2021\/11\/centro-cultura.jpg 370w\" sizes=\"auto, (max-width: 150px) 100vw, 150px\" \/><\/a>\n\t\t\t<\/dt>\n\t\t\t\t<dd class='wp-caption-text gallery-caption' id='gallery-1-253'>\n\t\t\t\tCentro de Cultura\n\t\t\t\t<\/dd><\/dl><dl class='gallery-item'>\n\t\t\t<dt class='gallery-icon landscape'>\n\t\t\t\t<a href='https:\/\/chalesprincesaisabel.com.br\/petropolis\/wp-content\/uploads\/2021\/11\/parque.jpg' rel=\"lightbox[gallery-0]\"><img loading=\"lazy\" decoding=\"async\" width=\"150\" height=\"150\" src=\"https:\/\/chalesprincesaisabel.com.br\/petropolis\/wp-content\/uploads\/2021\/11\/parque-150x150.jpg\" class=\"attachment-thumbnail size-thumbnail\" alt=\"Parque Cremerie\" aria-describedby=\"gallery-1-260\" srcset=\"https:\/\/chalesprincesaisabel.com.br\/petropolis\/wp-content\/uploads\/2021\/11\/parque-150x150.jpg 150w, https:\/\/chalesprincesaisabel.com.br\/petropolis\/wp-content\/uploads\/2021\/11\/parque-300x300.jpg 300w, https:\/\/chalesprincesaisabel.com.br\/petropolis\/wp-content\/uploads\/2021\/11\/parque.jpg 370w\" sizes=\"auto, (max-width: 150px) 100vw, 150px\" \/><\/a>\n\t\t\t<\/dt>\n\t\t\t\t<dd class='wp-caption-text gallery-caption' id='gallery-1-260'>\n\t\t\t\tParque Cremerie\n\t\t\t\t<\/dd><\/dl><dl class='gallery-item'>\n\t\t\t<dt class='gallery-icon landscape'>\n\t\t\t\t<a href='https:\/\/chalesprincesaisabel.com.br\/petropolis\/wp-content\/uploads\/2021\/11\/belvedere.jpg' rel=\"lightbox[gallery-0]\"><img loading=\"lazy\" decoding=\"async\" width=\"150\" height=\"150\" src=\"https:\/\/chalesprincesaisabel.com.br\/petropolis\/wp-content\/uploads\/2021\/11\/belvedere-150x150.jpg\" class=\"attachment-thumbnail size-thumbnail\" alt=\"Belvedere em Petr\u00f3polis\" aria-describedby=\"gallery-1-248\" \/><\/a>\n\t\t\t<\/dt>\n\t\t\t\t<dd class='wp-caption-text gallery-caption' id='gallery-1-248'>\n\t\t\t\tBelvedere em Petr\u00f3polis\n\t\t\t\t<\/dd><\/dl><br style=\"clear: both\" \/>\n\t\t<\/div>\n\n<p>&nbsp;<\/p>\n","protected":false},"excerpt":{"rendered":"<p>Com um dos melhores climas da Am\u00e9rica Latina e apenas 60km de dist\u00e2ncia do Rio de Janeiro, Petr\u00f3polis re\u00fane natureza exuberante e precioso acervo cultural e hist\u00f3rico do Brasil, desde sua descoberta! As belezas naturais que a cidade reserva a seus visitantes, j\u00e1 se iniciam no percurso de chegada \u00e0 cidade: bel\u00edssima serra de Petr\u00f3polis, que d\u00e1\u00a0 acesso \u00e0 cidade, corta a mata Atl\u00e2ntica e oferece vista deslumbrante para as montanhas, a famosa &#8220;Rio x Petr\u00f3polis&#8221;, uma das mais belas estradas que h\u00e1 no Rio de Janeiro. A chegada \u00e0 cidade tamb\u00e9m encanta qualquer visitante, isto porque j\u00e1 na entrada&#8230; <\/p>\n","protected":false},"author":1,"featured_media":0,"parent":0,"menu_order":0,"comment_status":"closed","ping_status":"closed","template":"","meta":{"footnotes":""},"class_list":["post-16","page","type-page","status-publish","hentry"],"yoast_head":"<!-- This site is optimized with the Yoast SEO plugin v27.4 - https:\/\/yoast.com\/product\/yoast-seo-wordpress\/ -->\n<title>Conhe\u00e7a Petr\u00f3polis - Chal\u00e9s em Petr\u00f3polis - Cabana - Pousada Princesa Isabel<\/title>\n<meta name=\"robots\" content=\"index, follow, max-snippet:-1, max-image-preview:large, max-video-preview:-1\" \/>\n<link rel=\"canonical\" href=\"https:\/\/chalesprincesaisabel.com.br\/petropolis\/conheca-petropolis\/\" \/>\n<meta property=\"og:locale\" content=\"pt_BR\" \/>\n<meta property=\"og:type\" content=\"article\" \/>\n<meta property=\"og:title\" content=\"Conhe\u00e7a Petr\u00f3polis - Chal\u00e9s em Petr\u00f3polis - Cabana - Pousada Princesa Isabel\" \/>\n<meta property=\"og:description\" content=\"Com um dos melhores climas da Am\u00e9rica Latina e apenas 60km de dist\u00e2ncia do Rio de Janeiro, Petr\u00f3polis re\u00fane natureza exuberante e precioso acervo cultural e hist\u00f3rico do Brasil, desde sua descoberta! As belezas naturais que a cidade reserva a seus visitantes, j\u00e1 se iniciam no percurso de chegada \u00e0 cidade: bel\u00edssima serra de Petr\u00f3polis, que d\u00e1\u00a0 acesso \u00e0 cidade, corta a mata Atl\u00e2ntica e oferece vista deslumbrante para as montanhas, a famosa &#8220;Rio x Petr\u00f3polis&#8221;, uma das mais belas estradas que h\u00e1 no Rio de Janeiro. A chegada \u00e0 cidade tamb\u00e9m encanta qualquer visitante, isto porque j\u00e1 na entrada...\" \/>\n<meta property=\"og:url\" content=\"https:\/\/chalesprincesaisabel.com.br\/petropolis\/conheca-petropolis\/\" \/>\n<meta property=\"og:site_name\" content=\"Chal\u00e9s em Petr\u00f3polis - Cabana - Pousada Princesa Isabel\" \/>\n<meta property=\"article:modified_time\" content=\"2023-12-06T17:20:24+00:00\" \/>\n<meta property=\"og:image\" content=\"https:\/\/chalesprincesaisabel.com.br\/petropolis\/wp-content\/uploads\/2021\/11\/quitandinha-150x150.jpg\" \/>\n<meta name=\"twitter:card\" content=\"summary_large_image\" \/>\n<meta name=\"twitter:label1\" content=\"Est. tempo de leitura\" \/>\n\t<meta name=\"twitter:data1\" content=\"2 minutos\" \/>\n<script type=\"application\/ld+json\" class=\"yoast-schema-graph\">{\"@context\":\"https:\\\/\\\/schema.org\",\"@graph\":[{\"@type\":\"WebPage\",\"@id\":\"https:\\\/\\\/chalesprincesaisabel.com.br\\\/petropolis\\\/conheca-petropolis\\\/\",\"url\":\"https:\\\/\\\/chalesprincesaisabel.com.br\\\/petropolis\\\/conheca-petropolis\\\/\",\"name\":\"Conhe\u00e7a Petr\u00f3polis - Chal\u00e9s em Petr\u00f3polis - Cabana - Pousada Princesa Isabel\",\"isPartOf\":{\"@id\":\"https:\\\/\\\/chalesprincesaisabel.com.br\\\/petropolis\\\/#website\"},\"datePublished\":\"2021-11-08T13:24:23+00:00\",\"dateModified\":\"2023-12-06T17:20:24+00:00\",\"breadcrumb\":{\"@id\":\"https:\\\/\\\/chalesprincesaisabel.com.br\\\/petropolis\\\/conheca-petropolis\\\/#breadcrumb\"},\"inLanguage\":\"pt-BR\",\"potentialAction\":[{\"@type\":\"ReadAction\",\"target\":[\"https:\\\/\\\/chalesprincesaisabel.com.br\\\/petropolis\\\/conheca-petropolis\\\/\"]}]},{\"@type\":\"BreadcrumbList\",\"@id\":\"https:\\\/\\\/chalesprincesaisabel.com.br\\\/petropolis\\\/conheca-petropolis\\\/#breadcrumb\",\"itemListElement\":[{\"@type\":\"ListItem\",\"position\":1,\"name\":\"In\u00edcio\",\"item\":\"https:\\\/\\\/chalesprincesaisabel.com.br\\\/petropolis\\\/\"},{\"@type\":\"ListItem\",\"position\":2,\"name\":\"Conhe\u00e7a Petr\u00f3polis\"}]},{\"@type\":\"WebSite\",\"@id\":\"https:\\\/\\\/chalesprincesaisabel.com.br\\\/petropolis\\\/#website\",\"url\":\"https:\\\/\\\/chalesprincesaisabel.com.br\\\/petropolis\\\/\",\"name\":\"Chal\u00e9s em Petr\u00f3polis - Cabana - Pousada Princesa Isabel\",\"description\":\"Chal\u00e9 e Cabana em Petr\u00f3polis com Lareira e Piscina\",\"potentialAction\":[{\"@type\":\"SearchAction\",\"target\":{\"@type\":\"EntryPoint\",\"urlTemplate\":\"https:\\\/\\\/chalesprincesaisabel.com.br\\\/petropolis\\\/?s={search_term_string}\"},\"query-input\":{\"@type\":\"PropertyValueSpecification\",\"valueRequired\":true,\"valueName\":\"search_term_string\"}}],\"inLanguage\":\"pt-BR\"}]}<\/script>\n<!-- \/ Yoast SEO plugin. -->","yoast_head_json":{"title":"Conhe\u00e7a Petr\u00f3polis - Chal\u00e9s em Petr\u00f3polis - Cabana - Pousada Princesa Isabel","robots":{"index":"index","follow":"follow","max-snippet":"max-snippet:-1","max-image-preview":"max-image-preview:large","max-video-preview":"max-video-preview:-1"},"canonical":"https:\/\/chalesprincesaisabel.com.br\/petropolis\/conheca-petropolis\/","og_locale":"pt_BR","og_type":"article","og_title":"Conhe\u00e7a Petr\u00f3polis - Chal\u00e9s em Petr\u00f3polis - Cabana - Pousada Princesa Isabel","og_description":"Com um dos melhores climas da Am\u00e9rica Latina e apenas 60km de dist\u00e2ncia do Rio de Janeiro, Petr\u00f3polis re\u00fane natureza exuberante e precioso acervo cultural e hist\u00f3rico do Brasil, desde sua descoberta! As belezas naturais que a cidade reserva a seus visitantes, j\u00e1 se iniciam no percurso de chegada \u00e0 cidade: bel\u00edssima serra de Petr\u00f3polis, que d\u00e1\u00a0 acesso \u00e0 cidade, corta a mata Atl\u00e2ntica e oferece vista deslumbrante para as montanhas, a famosa &#8220;Rio x Petr\u00f3polis&#8221;, uma das mais belas estradas que h\u00e1 no Rio de Janeiro. A chegada \u00e0 cidade tamb\u00e9m encanta qualquer visitante, isto porque j\u00e1 na entrada...","og_url":"https:\/\/chalesprincesaisabel.com.br\/petropolis\/conheca-petropolis\/","og_site_name":"Chal\u00e9s em Petr\u00f3polis - Cabana - Pousada Princesa Isabel","article_modified_time":"2023-12-06T17:20:24+00:00","og_image":[{"url":"https:\/\/chalesprincesaisabel.com.br\/petropolis\/wp-content\/uploads\/2021\/11\/quitandinha-150x150.jpg","type":"","width":"","height":""}],"twitter_card":"summary_large_image","twitter_misc":{"Est. tempo de leitura":"2 minutos"},"schema":{"@context":"https:\/\/schema.org","@graph":[{"@type":"WebPage","@id":"https:\/\/chalesprincesaisabel.com.br\/petropolis\/conheca-petropolis\/","url":"https:\/\/chalesprincesaisabel.com.br\/petropolis\/conheca-petropolis\/","name":"Conhe\u00e7a Petr\u00f3polis - Chal\u00e9s em Petr\u00f3polis - Cabana - Pousada Princesa Isabel","isPartOf":{"@id":"https:\/\/chalesprincesaisabel.com.br\/petropolis\/#website"},"datePublished":"2021-11-08T13:24:23+00:00","dateModified":"2023-12-06T17:20:24+00:00","breadcrumb":{"@id":"https:\/\/chalesprincesaisabel.com.br\/petropolis\/conheca-petropolis\/#breadcrumb"},"inLanguage":"pt-BR","potentialAction":[{"@type":"ReadAction","target":["https:\/\/chalesprincesaisabel.com.br\/petropolis\/conheca-petropolis\/"]}]},{"@type":"BreadcrumbList","@id":"https:\/\/chalesprincesaisabel.com.br\/petropolis\/conheca-petropolis\/#breadcrumb","itemListElement":[{"@type":"ListItem","position":1,"name":"In\u00edcio","item":"https:\/\/chalesprincesaisabel.com.br\/petropolis\/"},{"@type":"ListItem","position":2,"name":"Conhe\u00e7a Petr\u00f3polis"}]},{"@type":"WebSite","@id":"https:\/\/chalesprincesaisabel.com.br\/petropolis\/#website","url":"https:\/\/chalesprincesaisabel.com.br\/petropolis\/","name":"Chal\u00e9s em Petr\u00f3polis - Cabana - Pousada Princesa Isabel","description":"Chal\u00e9 e Cabana em Petr\u00f3polis com Lareira e Piscina","potentialAction":[{"@type":"SearchAction","target":{"@type":"EntryPoint","urlTemplate":"https:\/\/chalesprincesaisabel.com.br\/petropolis\/?s={search_term_string}"},"query-input":{"@type":"PropertyValueSpecification","valueRequired":true,"valueName":"search_term_string"}}],"inLanguage":"pt-BR"}]}},"_links":{"self":[{"href":"https:\/\/chalesprincesaisabel.com.br\/petropolis\/wp-json\/wp\/v2\/pages\/16","targetHints":{"allow":["GET"]}}],"collection":[{"href":"https:\/\/chalesprincesaisabel.com.br\/petropolis\/wp-json\/wp\/v2\/pages"}],"about":[{"href":"https:\/\/chalesprincesaisabel.com.br\/petropolis\/wp-json\/wp\/v2\/types\/page"}],"author":[{"embeddable":true,"href":"https:\/\/chalesprincesaisabel.com.br\/petropolis\/wp-json\/wp\/v2\/users\/1"}],"replies":[{"embeddable":true,"href":"https:\/\/chalesprincesaisabel.com.br\/petropolis\/wp-json\/wp\/v2\/comments?post=16"}],"version-history":[{"count":7,"href":"https:\/\/chalesprincesaisabel.com.br\/petropolis\/wp-json\/wp\/v2\/pages\/16\/revisions"}],"predecessor-version":[{"id":672,"href":"https:\/\/chalesprincesaisabel.com.br\/petropolis\/wp-json\/wp\/v2\/pages\/16\/revisions\/672"}],"wp:attachment":[{"href":"https:\/\/chalesprincesaisabel.com.br\/petropolis\/wp-json\/wp\/v2\/media?parent=16"}],"curies":[{"name":"wp","href":"https:\/\/api.w.org\/{rel}","templated":true}]}}